{"id":881,"date":"2023-02-07T20:42:28","date_gmt":"2023-02-07T19:42:28","guid":{"rendered":"https:\/\/tobiaskaspar.de\/?page_id=881"},"modified":"2024-12-11T17:56:10","modified_gmt":"2024-12-11T16:56:10","slug":"ueber-mich","status":"publish","type":"page","link":"https:\/\/tobiaskaspar.de\/?page_id=881","title":{"rendered":"\u00dcber mich"},"content":{"rendered":"<nav class=\"is-responsive items-justified-center wp-block-navigation is-content-justification-center is-layout-flex wp-container-core-navigation-is-layout-a89b3969 wp-block-navigation-is-layout-flex\" aria-label=\"Men\u00fc (2)\" \n\t\t data-wp-interactive=\"core\/navigation\" data-wp-context='{\"overlayOpenedBy\":{\"click\":false,\"hover\":false,\"focus\":false},\"type\":\"overlay\",\"roleAttribute\":\"\",\"ariaLabel\":\"Men\\u00fc\"}'><button aria-haspopup=\"dialog\" aria-label=\"Men\u00fc \u00f6ffnen\" class=\"wp-block-navigation__responsive-container-open\" \n\t\t\t\tdata-wp-on--click=\"actions.openMenuOnClick\"\n\t\t\t\tdata-wp-on--keydown=\"actions.handleMenuKeydown\"\n\t\t\t><svg width=\"24\" height=\"24\" xmlns=\"http:\/\/www.w3.org\/2000\/svg\" viewBox=\"0 0 24 24\" aria-hidden=\"true\" focusable=\"false\"><path d=\"M4 7.5h16v1.5H4z\"><\/path><path d=\"M4 15h16v1.5H4z\"><\/path><\/svg><\/button>\n\t\t\t\t<div class=\"wp-block-navigation__responsive-container\"  id=\"modal-1\" \n\t\t\t\tdata-wp-class--has-modal-open=\"state.isMenuOpen\"\n\t\t\t\tdata-wp-class--is-menu-open=\"state.isMenuOpen\"\n\t\t\t\tdata-wp-watch=\"callbacks.initMenu\"\n\t\t\t\tdata-wp-on--keydown=\"actions.handleMenuKeydown\"\n\t\t\t\tdata-wp-on--focusout=\"actions.handleMenuFocusout\"\n\t\t\t\ttabindex=\"-1\"\n\t\t\t>\n\t\t\t\t\t<div class=\"wp-block-navigation__responsive-close\" tabindex=\"-1\">\n\t\t\t\t\t\t<div class=\"wp-block-navigation__responsive-dialog\" \n\t\t\t\tdata-wp-bind--aria-modal=\"state.ariaModal\"\n\t\t\t\tdata-wp-bind--aria-label=\"state.ariaLabel\"\n\t\t\t\tdata-wp-bind--role=\"state.roleAttribute\"\n\t\t\t>\n\t\t\t\t\t\t\t<button aria-label=\"Men\u00fc schlie\u00dfen\" class=\"wp-block-navigation__responsive-container-close\" \n\t\t\t\tdata-wp-on--click=\"actions.closeMenuOnClick\"\n\t\t\t><svg xmlns=\"http:\/\/www.w3.org\/2000\/svg\" viewBox=\"0 0 24 24\" width=\"24\" height=\"24\" aria-hidden=\"true\" focusable=\"false\"><path d=\"m13.06 12 6.47-6.47-1.06-1.06L12 10.94 5.53 4.47 4.47 5.53 10.94 12l-6.47 6.47 1.06 1.06L12 13.06l6.47 6.47 1.06-1.06L13.06 12Z\"><\/path><\/svg><\/button>\n\t\t\t\t\t\t\t<div class=\"wp-block-navigation__responsive-container-content\" \n\t\t\t\tdata-wp-watch=\"callbacks.focusFirstElement\"\n\t\t\t id=\"modal-1-content\">\n\t\t\t\t\t\t\t\t<ul class=\"wp-block-navigation__container is-responsive items-justified-center wp-block-navigation\"><li class=\" wp-block-navigation-item wp-block-navigation-link\"><a class=\"wp-block-navigation-item__content\"  href=\"https:\/\/tobiaskaspar.de\/?page_id=909\"><span class=\"wp-block-navigation-item__label\">Home<\/span><\/a><\/li><li class=\" wp-block-navigation-item wp-block-navigation-link\"><a class=\"wp-block-navigation-item__content\"  href=\"https:\/\/tobiaskaspar.de\/?page_id=881\"><span class=\"wp-block-navigation-item__label\">\u00dcber mich<\/span><\/a><\/li><li class=\" wp-block-navigation-item wp-block-navigation-link\"><a class=\"wp-block-navigation-item__content\"  href=\"https:\/\/tobiaskaspar.de\/?page_id=1324\"><span class=\"wp-block-navigation-item__label\">Angebote<\/span><\/a><\/li><li class=\" wp-block-navigation-item wp-block-navigation-link\"><a class=\"wp-block-navigation-item__content\"  href=\"https:\/\/tobiaskaspar.de\/?page_id=883\"><span class=\"wp-block-navigation-item__label\">Gordon Familientraining<\/span><\/a><\/li><li class=\" wp-block-navigation-item wp-block-navigation-link\"><a class=\"wp-block-navigation-item__content\"  href=\"https:\/\/tobiaskaspar.de\/?page_id=884\"><span class=\"wp-block-navigation-item__label\">Kooperationspartner<\/span><\/a><\/li><li class=\" wp-block-navigation-item wp-block-navigation-link\"><a class=\"wp-block-navigation-item__content\"  href=\"https:\/\/tobiaskaspar.de\/?page_id=977\"><span class=\"wp-block-navigation-item__label\">Anmelden<\/span><\/a><\/li><\/ul>\n\t\t\t\t\t\t\t<\/div>\n\t\t\t\t\t\t<\/div>\n\t\t\t\t\t<\/div>\n\t\t\t\t<\/div><\/nav>\n\n\n<div style=\"height:52px\" aria-hidden=\"true\" class=\"wp-block-spacer\"><\/div>\n\n\n\n<h3 class=\"wp-block-heading\">\u00dcber mich<\/h3>\n\n\n\n<hr class=\"wp-block-separator has-text-color has-alpha-channel-opacity has-background is-style-wide\" style=\"background-color:#70ad47;color:#70ad47\"\/>\n\n\n\n<div style=\"height:60px\" aria-hidden=\"true\" class=\"wp-block-spacer\"><\/div>\n\n\n\n<div class=\"inherit-container-width wp-block-group is-layout-constrained wp-block-group-is-layout-constrained\"><div class=\"wp-block-group__inner-container\">\n<figure class=\"wp-block-image size-full is-resized\" style=\"display: flex; font-family: Calibri, sans-serif;\">\n\n  <div class=\"image-container\" style=\"flex: 0 0 auto; margin-right: 20px;\">\n    <img loading=\"lazy\" decoding=\"async\" src=\"https:\/\/tobiaskaspar.de\/wp-content\/uploads\/2023\/12\/Portrait-1.jpg\" alt=\"\" class=\"wp-image-1402\" width=\"338\" height=\"434\" srcset=\"https:\/\/tobiaskaspar.de\/wp-content\/uploads\/2023\/12\/Portrait-1.jpg 777w, https:\/\/tobiaskaspar.de\/wp-content\/uploads\/2023\/12\/Portrait-1-233x300.jpg 233w, https:\/\/tobiaskaspar.de\/wp-content\/uploads\/2023\/12\/Portrait-1-768x988.jpg 768w\" sizes=\"auto, (max-width: 338px) 100vw, 338px\" \/>\n    <figcaption>\n      <h3 class=\"has-black-color has-text-color\" style=\"font-weight: bold; font-family: Calibri, sans-serif;\">Tobias Kaspar<\/h3>\n    <\/figcaption>  \n  <\/div>\n\n  <div class=\"text-content\" style=\"display: flex; flex-direction: column;\">\n\n    <div class=\"column\" style=\"margin-bottom: -20px;\">\n      <h3 class=\"has-black-color has-text-color\" style=\"font-weight: bold; font-family: Calibri, sans-serif;\">Berufsqualifikationen<\/h3>\n      <p style=\"font-family: Calibri, sans-serif;\">-staatlich anerkannter Erzieher<br>-staatlich anerkannter Heilp\u00e4dagoge<br>-Sozialmanager (BA)<br><br><\/p>\n    <\/div>\n\n    <div class=\"column\" style=\"margin-bottom: -20px;\">\n      <h3 style=\"font-weight: bold; font-family: Calibri, sans-serif;\">Zusatzqualifikationen<\/h3>\n      <p style=\"font-family: Calibri, sans-serif;\">-Systemischer Berater<br>-E.E.T.-Trainer<br>-BrainGym\u00ae Movement Facilitator<br>-Hypnose-Coach<\/p>\n      <p style=\"font-family: Calibri, sans-serif;\">Mein beruflicher Lebensweg f\u00fchrte mich von der T\u00e4tigkeit als Schulbegleitung zur p\u00e4dagogischen Fachkraft und stellvertretende Hausleitung in einer Wohngruppe f\u00fcr seelisch behinderte junge Menschen hin zur T\u00e4tigkeit in einer sozialpsychiatrischen kinder- und jugendpsychiatrischen Gemeinschaftspraxis.<\/p>\n      <p style=\"font-family: Calibri, sans-serif;\">Seit 2016 bin ich beim Familienservice Wolfsburg gGmbH im Bereich \u201eSchulbegleitung\u201c als Fachberatung t\u00e4tig.\n      Zudem bin ich freiberuflich t\u00e4tig und biete Ihnen folgende <a href=\"https:\/\/tobiaskaspar.de\/?page_id=1324\">Angebote<\/a> an.<\/p>\n    <\/div>\n\n  <\/div>\n\n  <style>\n    @media only screen and (max-width: 600px) {\n      .wp-block-image {\n        flex-direction: column;\n      }\n    }\n  <\/style>\n<\/figure>\n<\/div><\/div>\n\n\n\n<div style=\"height:41px\" aria-hidden=\"true\" class=\"wp-block-spacer\"><\/div>\n\n\n\n<hr class=\"wp-block-separator has-text-color has-alpha-channel-opacity has-background is-style-wide\" style=\"background-color:#646b63;color:#646b63\"\/>\n\n\n\n<div style=\"height:56px\" aria-hidden=\"true\" class=\"wp-block-spacer\"><\/div>\n\n\n\n<h3 class=\"wp-block-heading\">Mitgliedschaften<\/h3>\n\n\n\n<div class=\"wp-block-uagb-slider uagb-block-458285a8 uagb-slider-container\"><div class=\"uagb-slides uagb-swiper\"><div class=\"swiper-wrapper\">\n<div class=\"wp-block-uagb-slider-child uagb-slider-child-wrap swiper-slide uagb-block-14bbd52f-efcd-4fa7-bdf6-a324a2873a24\"><div class=\"swiper-content\">\n<div class=\"wp-block-uagb-container uagb-block-0230d101 alignfull uagb-is-root-container\"><div class=\"uagb-container-inner-blocks-wrap\">\n<figure class=\"wp-block-image aligncenter size-full\"><img loading=\"lazy\" decoding=\"async\" width=\"200\" height=\"100\" src=\"https:\/\/tobiaskaspar.de\/wp-content\/uploads\/2023\/05\/logo-handelskammer-png-data-1.png\" alt=\"\" class=\"wp-image-1121\"\/><\/figure>\n<\/div><\/div>\n<\/div><\/div>\n\n\n\n<div class=\"wp-block-uagb-slider-child uagb-slider-child-wrap swiper-slide uagb-block-ce010022-266b-40e9-8f00-19e1bf5f7243\"><div class=\"swiper-content\">\n<div class=\"wp-block-uagb-container uagb-block-ef0d9b5e alignfull uagb-is-root-container\"><div class=\"uagb-container-inner-blocks-wrap\">\n<figure class=\"wp-block-image aligncenter size-full\"><img loading=\"lazy\" decoding=\"async\" width=\"311\" height=\"90\" src=\"https:\/\/tobiaskaspar.de\/wp-content\/uploads\/2023\/05\/logo_sg-2.png\" alt=\"\" class=\"wp-image-1120\" srcset=\"https:\/\/tobiaskaspar.de\/wp-content\/uploads\/2023\/05\/logo_sg-2.png 311w, https:\/\/tobiaskaspar.de\/wp-content\/uploads\/2023\/05\/logo_sg-2-300x87.png 300w\" sizes=\"auto, (max-width: 311px) 100vw, 311px\" \/><\/figure>\n<\/div><\/div>\n<\/div><\/div>\n\n\n\n<div class=\"wp-block-uagb-slider-child uagb-slider-child-wrap swiper-slide uagb-block-e380606a-653f-4375-aaad-8711e9c19e82\"><div class=\"swiper-content\">\n<div class=\"wp-block-uagb-container uagb-block-4e67e801 alignfull uagb-is-root-container\"><div class=\"uagb-container-inner-blocks-wrap\">\n<figure class=\"wp-block-image aligncenter size-full\"><img loading=\"lazy\" decoding=\"async\" width=\"580\" height=\"150\" src=\"https:\/\/tobiaskaspar.de\/wp-content\/uploads\/2023\/05\/bhp-mit-Claim-webheader-2.png\" alt=\"\" class=\"wp-image-1119\" srcset=\"https:\/\/tobiaskaspar.de\/wp-content\/uploads\/2023\/05\/bhp-mit-Claim-webheader-2.png 580w, https:\/\/tobiaskaspar.de\/wp-content\/uploads\/2023\/05\/bhp-mit-Claim-webheader-2-300x78.png 300w\" sizes=\"auto, (max-width: 580px) 100vw, 580px\" \/><\/figure>\n<\/div><\/div>\n<\/div><\/div>\n\n\n\n<div class=\"wp-block-uagb-slider-child uagb-slider-child-wrap swiper-slide uagb-block-bef1b091-cf53-4c06-ac89-7c0dfb8f15fc\"><div class=\"swiper-content\">\n<div class=\"wp-block-uagb-container uagb-block-d956461d alignfull uagb-is-root-container\"><div class=\"uagb-container-inner-blocks-wrap\">\n<h2 class=\"wp-block-heading has-text-align-center has-black-color has-text-color\">Fachverband <\/h2>\n\n\n\n<h2 class=\"wp-block-heading has-text-align-center has-black-color has-text-color\">Schulbegleitung e.V.<\/h2>\n<\/div><\/div>\n<\/div><\/div>\n\n\n\n<div class=\"wp-block-uagb-slider-child uagb-slider-child-wrap swiper-slide uagb-block-cd9f3adf\"><div class=\"swiper-content\">\n<div class=\"wp-block-uagb-container uagb-block-bf5c35a4 alignfull uagb-is-root-container\"><div class=\"uagb-container-inner-blocks-wrap\">\n<figure class=\"wp-block-image aligncenter size-medium is-resized\"><img loading=\"lazy\" decoding=\"async\" width=\"300\" height=\"100\" src=\"https:\/\/tobiaskaspar.de\/wp-content\/uploads\/2024\/12\/BG-Facilitator-Transparent-900px-breit-300x100.png\" alt=\"\" class=\"wp-image-1517\" style=\"width:413px;height:auto\" srcset=\"https:\/\/tobiaskaspar.de\/wp-content\/uploads\/2024\/12\/BG-Facilitator-Transparent-900px-breit-300x100.png 300w, https:\/\/tobiaskaspar.de\/wp-content\/uploads\/2024\/12\/BG-Facilitator-Transparent-900px-breit-768x256.png 768w, https:\/\/tobiaskaspar.de\/wp-content\/uploads\/2024\/12\/BG-Facilitator-Transparent-900px-breit.png 900w\" sizes=\"auto, (max-width: 300px) 100vw, 300px\" \/><\/figure>\n<\/div><\/div>\n<\/div><\/div>\n<\/div><\/div><div class=\"swiper-pagination\"><\/div><div class=\"swiper-button-prev\"><\/div><div class=\"swiper-button-next\"><\/div><\/div>\n\n\n\n<div style=\"height:134px\" aria-hidden=\"true\" class=\"wp-block-spacer\"><\/div>\n","protected":false},"excerpt":{"rendered":"<p>\u00dcber mich Tobias Kaspar Berufsqualifikationen -staatlich anerkannter Erzieher-staatlich anerkannter Heilp\u00e4dagoge-Sozialmanager (BA) Zusatzqualifikationen -Systemischer Berater-E.E.T.-Trainer-BrainGym\u00ae Movement Facilitator-Hypnose-Coach Mein beruflicher Lebensweg f\u00fchrte mich von der T\u00e4tigkeit als Schulbegleitung zur p\u00e4dagogischen Fachkraft und stellvertretende Hausleitung in einer Wohngruppe f\u00fcr seelisch behinderte junge Menschen hin zur T\u00e4tigkeit in einer sozialpsychiatrischen kinder- und jugendpsychiatrischen Gemeinschaftspraxis. Seit 2016 bin ich beim [&hellip;]<\/p>\n","protected":false},"author":1,"featured_media":0,"parent":909,"menu_order":0,"comment_status":"closed","ping_status":"closed","template":"","meta":{"_uag_custom_page_level_css":"","_monsterinsights_skip_tracking":false,"_monsterinsights_sitenote_active":false,"_monsterinsights_sitenote_note":"","_monsterinsights_sitenote_category":0,"site-sidebar-layout":"default","site-content-layout":"","ast-site-content-layout":"default","site-content-style":"default","site-sidebar-style":"default","ast-global-header-display":"disabled","ast-banner-title-visibility":"","ast-main-header-display":"","ast-hfb-above-header-display":"","ast-hfb-below-header-display":"","ast-hfb-mobile-header-display":"","site-post-title":"disabled","ast-breadcrumbs-content":"","ast-featured-img":"","footer-sml-layout":"","theme-transparent-header-meta":"","adv-header-id-meta":"","stick-header-meta":"","header-above-stick-meta":"","header-main-stick-meta":"","header-below-stick-meta":"","astra-migrate-meta-layouts":"set","ast-page-background-enabled":"default","ast-page-background-meta":{"desktop":{"background-color":"","background-image":"","background-repeat":"repeat","background-position":"center center","background-size":"auto","background-attachment":"scroll","background-type":"","background-media":"","overlay-type":"","overlay-color":"","overlay-gradient":""},"tablet":{"background-color":"","background-image":"","background-repeat":"repeat","background-position":"center center","background-size":"auto","background-attachment":"scroll","background-type":"","background-media":"","overlay-type":"","overlay-color":"","overlay-gradient":""},"mobile":{"background-color":"","background-image":"","background-repeat":"repeat","background-position":"center center","background-size":"auto","background-attachment":"scroll","background-type":"","background-media":"","overlay-type":"","overlay-color":"","overlay-gradient":""}},"ast-content-background-meta":{"desktop":{"background-color":"var(--ast-global-color-5)","background-image":"","background-repeat":"repeat","background-position":"center center","background-size":"auto","background-attachment":"scroll","background-type":"","background-media":"","overlay-type":"","overlay-color":"","overlay-gradient":""},"tablet":{"background-color":"var(--ast-global-color-5)","background-image":"","background-repeat":"repeat","background-position":"center center","background-size":"auto","background-attachment":"scroll","background-type":"","background-media":"","overlay-type":"","overlay-color":"","overlay-gradient":""},"mobile":{"background-color":"var(--ast-global-color-5)","background-image":"","background-repeat":"repeat","background-position":"center center","background-size":"auto","background-attachment":"scroll","background-type":"","background-media":"","overlay-type":"","overlay-color":"","overlay-gradient":""}},"footnotes":""},"class_list":["post-881","page","type-page","status-publish","hentry"],"uagb_featured_image_src":{"full":false,"thumbnail":false,"medium":false,"medium_large":false,"large":false,"1536x1536":false,"2048x2048":false},"uagb_author_info":{"display_name":"t.kaspar","author_link":"https:\/\/tobiaskaspar.de\/author\/t-kaspar"},"uagb_comment_info":0,"uagb_excerpt":"\u00dcber mich Tobias Kaspar Berufsqualifikationen -staatlich anerkannter Erzieher-staatlich anerkannter Heilp\u00e4dagoge-Sozialmanager (BA) Zusatzqualifikationen -Systemischer Berater-E.E.T.-Trainer-BrainGym\u00ae Movement Facilitator-Hypnose-Coach Mein beruflicher Lebensweg f\u00fchrte mich von der T\u00e4tigkeit als Schulbegleitung zur p\u00e4dagogischen Fachkraft und stellvertretende Hausleitung in einer Wohngruppe f\u00fcr seelisch behinderte junge Menschen hin zur T\u00e4tigkeit in einer sozialpsychiatrischen kinder- und jugendpsychiatrischen Gemeinschaftspraxis. Seit 2016 bin ich beim&hellip;","_links":{"self":[{"href":"https:\/\/tobiaskaspar.de\/index.php?rest_route=\/wp\/v2\/pages\/881","targetHints":{"allow":["GET"]}}],"collection":[{"href":"https:\/\/tobiaskaspar.de\/index.php?rest_route=\/wp\/v2\/pages"}],"about":[{"href":"https:\/\/tobiaskaspar.de\/index.php?rest_route=\/wp\/v2\/types\/page"}],"author":[{"embeddable":true,"href":"https:\/\/tobiaskaspar.de\/index.php?rest_route=\/wp\/v2\/users\/1"}],"replies":[{"embeddable":true,"href":"https:\/\/tobiaskaspar.de\/index.php?rest_route=%2Fwp%2Fv2%2Fcomments&post=881"}],"version-history":[{"count":44,"href":"https:\/\/tobiaskaspar.de\/index.php?rest_route=\/wp\/v2\/pages\/881\/revisions"}],"predecessor-version":[{"id":1530,"href":"https:\/\/tobiaskaspar.de\/index.php?rest_route=\/wp\/v2\/pages\/881\/revisions\/1530"}],"up":[{"embeddable":true,"href":"https:\/\/tobiaskaspar.de\/index.php?rest_route=\/wp\/v2\/pages\/909"}],"wp:attachment":[{"href":"https:\/\/tobiaskaspar.de\/index.php?rest_route=%2Fwp%2Fv2%2Fmedia&parent=881"}],"curies":[{"name":"wp","href":"https:\/\/api.w.org\/{rel}","templated":true}]}}