{"id":1214,"date":"2023-12-19T17:21:42","date_gmt":"2023-12-19T16:21:42","guid":{"rendered":"https:\/\/tobiaskaspar.de\/?page_id=1214"},"modified":"2024-12-29T14:56:55","modified_gmt":"2024-12-29T13:56:55","slug":"seminare-und-fortbildungen-inhouse-schulungen","status":"publish","type":"page","link":"https:\/\/tobiaskaspar.de\/?page_id=1214","title":{"rendered":"Wie ein \u201eX\u201c Deine Welt ver\u00e4ndern kann\u00a0\ud83d\ude00\u00a0\u2013 Brain-Gym 104\u00ae"},"content":{"rendered":"<nav class=\"is-responsive items-justified-center wp-block-navigation is-content-justification-center is-layout-flex wp-container-core-navigation-is-layout-a89b3969 wp-block-navigation-is-layout-flex\" aria-label=\"Men\u00fc (2)\" \n\t\t data-wp-interactive=\"core\/navigation\" data-wp-context='{\"overlayOpenedBy\":{\"click\":false,\"hover\":false,\"focus\":false},\"type\":\"overlay\",\"roleAttribute\":\"\",\"ariaLabel\":\"Men\\u00fc\"}'><button aria-haspopup=\"dialog\" aria-label=\"Men\u00fc \u00f6ffnen\" class=\"wp-block-navigation__responsive-container-open\" \n\t\t\t\tdata-wp-on--click=\"actions.openMenuOnClick\"\n\t\t\t\tdata-wp-on--keydown=\"actions.handleMenuKeydown\"\n\t\t\t><svg width=\"24\" height=\"24\" xmlns=\"http:\/\/www.w3.org\/2000\/svg\" viewBox=\"0 0 24 24\" aria-hidden=\"true\" focusable=\"false\"><path d=\"M4 7.5h16v1.5H4z\"><\/path><path d=\"M4 15h16v1.5H4z\"><\/path><\/svg><\/button>\n\t\t\t\t<div class=\"wp-block-navigation__responsive-container\"  id=\"modal-1\" \n\t\t\t\tdata-wp-class--has-modal-open=\"state.isMenuOpen\"\n\t\t\t\tdata-wp-class--is-menu-open=\"state.isMenuOpen\"\n\t\t\t\tdata-wp-watch=\"callbacks.initMenu\"\n\t\t\t\tdata-wp-on--keydown=\"actions.handleMenuKeydown\"\n\t\t\t\tdata-wp-on--focusout=\"actions.handleMenuFocusout\"\n\t\t\t\ttabindex=\"-1\"\n\t\t\t>\n\t\t\t\t\t<div class=\"wp-block-navigation__responsive-close\" tabindex=\"-1\">\n\t\t\t\t\t\t<div class=\"wp-block-navigation__responsive-dialog\" \n\t\t\t\tdata-wp-bind--aria-modal=\"state.ariaModal\"\n\t\t\t\tdata-wp-bind--aria-label=\"state.ariaLabel\"\n\t\t\t\tdata-wp-bind--role=\"state.roleAttribute\"\n\t\t\t>\n\t\t\t\t\t\t\t<button aria-label=\"Men\u00fc schlie\u00dfen\" class=\"wp-block-navigation__responsive-container-close\" \n\t\t\t\tdata-wp-on--click=\"actions.closeMenuOnClick\"\n\t\t\t><svg xmlns=\"http:\/\/www.w3.org\/2000\/svg\" viewBox=\"0 0 24 24\" width=\"24\" height=\"24\" aria-hidden=\"true\" focusable=\"false\"><path d=\"m13.06 12 6.47-6.47-1.06-1.06L12 10.94 5.53 4.47 4.47 5.53 10.94 12l-6.47 6.47 1.06 1.06L12 13.06l6.47 6.47 1.06-1.06L13.06 12Z\"><\/path><\/svg><\/button>\n\t\t\t\t\t\t\t<div class=\"wp-block-navigation__responsive-container-content\" \n\t\t\t\tdata-wp-watch=\"callbacks.focusFirstElement\"\n\t\t\t id=\"modal-1-content\">\n\t\t\t\t\t\t\t\t<ul class=\"wp-block-navigation__container is-responsive items-justified-center wp-block-navigation\"><li class=\" wp-block-navigation-item wp-block-navigation-link\"><a class=\"wp-block-navigation-item__content\"  href=\"https:\/\/tobiaskaspar.de\/?page_id=909\"><span class=\"wp-block-navigation-item__label\">Home<\/span><\/a><\/li><li class=\" wp-block-navigation-item wp-block-navigation-link\"><a class=\"wp-block-navigation-item__content\"  href=\"https:\/\/tobiaskaspar.de\/?page_id=881\"><span class=\"wp-block-navigation-item__label\">\u00dcber mich<\/span><\/a><\/li><li class=\" wp-block-navigation-item wp-block-navigation-link\"><a class=\"wp-block-navigation-item__content\"  href=\"https:\/\/tobiaskaspar.de\/?page_id=1324\"><span class=\"wp-block-navigation-item__label\">Angebote<\/span><\/a><\/li><li class=\" wp-block-navigation-item wp-block-navigation-link\"><a class=\"wp-block-navigation-item__content\"  href=\"https:\/\/tobiaskaspar.de\/?page_id=883\"><span class=\"wp-block-navigation-item__label\">Gordon Familientraining<\/span><\/a><\/li><li class=\" wp-block-navigation-item wp-block-navigation-link\"><a class=\"wp-block-navigation-item__content\"  href=\"https:\/\/tobiaskaspar.de\/?page_id=884\"><span class=\"wp-block-navigation-item__label\">Kooperationspartner<\/span><\/a><\/li><li class=\" wp-block-navigation-item wp-block-navigation-link\"><a class=\"wp-block-navigation-item__content\"  href=\"https:\/\/tobiaskaspar.de\/?page_id=977\"><span class=\"wp-block-navigation-item__label\">Anmelden<\/span><\/a><\/li><\/ul>\n\t\t\t\t\t\t\t<\/div>\n\t\t\t\t\t\t<\/div>\n\t\t\t\t\t<\/div>\n\t\t\t\t<\/div><\/nav>\n\n\n<div style=\"height:52px\" aria-hidden=\"true\" class=\"wp-block-spacer\"><\/div>\n\n\n\n<h3 class=\"wp-block-heading\"><strong><strong>Wie ein \u201eX\u201c Deine Welt ver\u00e4ndern kann&nbsp;\ud83d\ude00&nbsp;\u2013 Brain-Gym 104\u00ae&nbsp;<\/strong>&nbsp;<\/strong><\/h3>\n\n\n\n<p class=\"has-black-color has-text-color has-link-color wp-elements-06e1f9ddd28e6a9817a2192307454d67\">Diese \u00dcbungen basieren auf Erkenntnissen der Edu-Kinestetik und unterst\u00fctzen die Zusammenarbeit zwischen K\u00f6rper und Geist, indem sie Blockaden abbauen, die Koordination st\u00e4rken und durch einfache k\u00f6rperliche \u00dcbungen und Bewegungen das Gehirn stimuliert. <br>Entwickelt, um die kognitive Leistungsf\u00e4higkeit zu steigern, verbessert Brain Gym\u00ae die Lernf\u00e4higkeiten, Konzentration und Kreativit\u00e4t.<br><br>Ihre Vorteile des Kurses<br>Ihr Kenntnisgewinn:<br>Nach Abschluss dieser Fortbildung k\u00f6nnen die Teilnehmenden:<br>\u2022\tdie 26 Brain Gym\u00ae-Bewegungen gezielt anwenden und anleiten<br>\u2022\tverstehen, wie die \u00dcbungen das Gehirn und das Nervensystem positiv beeinflussen<br>\u2022\tBrain Gym\u00ae als Tool zur Lernf\u00f6rderung, zur Stressbew\u00e4ltigung und zur Verbesserung der Bewegungskoordination einsetzen (u.a. Lernen in eigenem Tempo \u2013 das PACE; Lernfluss \u2013 integriertes und nicht integriertes Lernen)<br>\u2022\tdie \u00dcbungen in ihren eigenen Arbeits- oder Lernalltag integrieren und individuell anpassen<br><br>Sofortige Anwendbarkeit: Einfache \u00dcbungen, die jederzeit und \u00fcberall durchgef\u00fchrt werden k\u00f6nnen.<br>Stressreduktion: F\u00f6rderung von Entspannung und mentaler Klarheit.<br>Verbesserte Konzentration: Steigert die Aufmerksamkeit und Fokussierung.<\/p>\n\n\n\n<div style=\"height:37px\" aria-hidden=\"true\" class=\"wp-block-spacer\"><\/div>\n\n\n\n<figure class=\"wp-block-image size-full\"><img loading=\"lazy\" decoding=\"async\" width=\"162\" height=\"227\" src=\"http:\/\/tobiaskaspar.de\/wp-content\/uploads\/2024\/12\/BrainGym.png\" alt=\"\" class=\"wp-image-1528\"\/><\/figure>\n\n\n\n<div style=\"height:37px\" aria-hidden=\"true\" class=\"wp-block-spacer\"><\/div>\n\n\n\n<p class=\"has-black-color has-text-color has-link-color wp-elements-956ece5c382e2a0ecd39fbc990280923\">Umfang\/ Preis<br>16 Zeitstunden<br>295,00\u20ac\/ Teilnehmenden inkl. Zertifizierung<br><br>F\u00fcr die Teilnahme wird das Arbeitsbuch \u201eBrain-Gym\u00ae Das Handbuch\u201c ben\u00f6tigt.<br>Die Kosten f\u00fcr das Buch liegen derzeit bei 24,00\u20ac. <br>Das Buch ist von den Teilnehmenden selbst zu erwerben.<br><br>Teilnahmenachweis<br>Zertifizierung durch ein international anerkanntes Zertifikat<br><br>Zielgruppe<br>Sch\u00fcler und Studenten: Optimale Unterst\u00fctzung f\u00fcr den Lernprozess.<br>Berufst\u00e4tige: Steigerung der Produktivit\u00e4t und Kreativit\u00e4t im Beruf.<br>Eltern und Schul-\/Lernbegleiter, die mehr \u00fcber unterst\u00fctzende Bewegungsans\u00e4tze f\u00fcr das Lernen ihrer Kinder erfahren m\u00f6chten.<br>P\u00e4dagogische Fachkr\u00e4fte, die neue Methoden zur Lernf\u00f6rderung und Konzentrationssteigerung kennenlernen m\u00f6chten.<br>Therapeuten und Berater, die mit Kindern, Jugendlichen oder Erwachsenen arbeiten und Bewegung in ihren Ansatz integrieren m\u00f6chten.<br><br>Alle, die ihre Denkf\u00e4higkeiten verbessern m\u00f6chten.<br>Entdecken Sie die Kraft der Bewegung f\u00fcr Ihr Gehirn!<br><br>Termine\/ Veranstaltungsort<br>Pr\u00e4senztermine: (jeweils 16:30 Uhr bis 20:30 Uhr)<br>Kurs 1: 20.08.2025 + 27.08.2025 + 17.09.2025 + 24.09.2025<br>Ort: Familienservice Wolfsburg, Porschestra\u00dfe 76, 38440 Wolfsburg<br><br>Onlinetermine: (jeweils 16:30 Uhr bis 20:30 Uhr)<br>Kurs 1: 22.01.2025 + 29.01.2025 + 19.02.2025 + 26.02.2025<br>Kurs 2: 14.05.2025 + 21.05.2025 + 11.06.2025 + 25.06.2025<br>Kurs 3: 29.10.2025 + 05.11.2025 + 12.11.2025 + 19.11.2025<br>Ort: Zoom<br><br>5 FAQ<br>1.Was ist Brain Gym\u00ae?<br>Brain Gym ist eine Methode, die aus einer Reihe von Bewegungs\u00fcbungen besteht, die die Lernf\u00e4higkeit und die kognitiven Funktionen unterst\u00fctzen. Entwickelt von Dr. Paul Dennison in den 1980er Jahren, basiert sie auf der Annahme, dass bestimmte k\u00f6rperliche Aktivit\u00e4ten die Zusammenarbeit zwischen den beiden Gehirnh\u00e4lften f\u00f6rdern und dadurch Konzentration, Ged\u00e4chtnis und Lernf\u00e4higkeiten verbessern.<br><br>2.Wie dauern lange Brain Gym\u00ae \u00dcbungen?<br>Die meisten Brain Gym\u00ae \u00dcbungen dauern nur wenige Minuten und lassen sich leicht in den Alltag integrieren. Einzelne \u00dcbungen wie die \u201e\u00dcberkreuzbewegung\u201c oder \u201ePositive Punkte\u201c sind in weniger als einer Minute durchf\u00fchrbar. Eine komplette Einheit aus mehreren \u00dcbungen kann auch 10 bis 20 Minuten in Anspruch nehmen, je nachdem, wie viele Bewegungen eingebunden werden.<br><br>3.Kann Brain Gym\u00ae bei Stressabbau helfen?<br>Ja, viele Brain Gym\u00ae Anwender berichten, dass die \u00dcbungen ihnen helfen, sich zu entspannen und Stress abzubauen. Durch die Kombination von Bewegung und bewusster Atmung k\u00f6nnen sich Anwender beruhigen und ihre Konzentrationsf\u00e4higkeit steigern. Vor allem die \u00dcbung \u201ePositive Punkte\u201c, bei der bestimmte Stellen am Kopf sanft massiert werden, wird h\u00e4ufig zur Entspannung empfohlen.<br><br>4.Ist Brain Gym\u00ae f\u00fcr Menschen mit Einschr\u00e4nkungen geeignet?<br>Brain Gym\u00ae bietet eine gro\u00dfe Auswahl an \u00dcbungen, von denen viele auch f\u00fcr Personen mit eingeschr\u00e4nkter Mobilit\u00e4t oder k\u00f6rperlichen Einschr\u00e4nkungen geeignet sind. Da einige \u00dcbungen im Sitzen oder im Liegen durchgef\u00fchrt werden k\u00f6nnen, ist Brain Gym\u00ae relativ anpassungsf\u00e4hig. Es empfiehlt sich jedoch, die \u00dcbungen an individuelle Bed\u00fcrfnisse anzupassen und im Zweifelsfall einen Therapeuten oder Trainer zu Rate zu ziehen.<br><br>5.Gibt es Altersgrenzen f\u00fcr Brain Gym\u00ae?<br>Brain Gym\u00ae kann grunds\u00e4tzlich von Menschen jeden Alters ausge\u00fcbt werden, da die \u00dcbungen einfach und flexibel anpassbar sind. Von kleinen Kindern bis zu \u00e4lteren Erwachsenen k\u00f6nnen alle von den \u00dcbungen profitieren, sofern die Bewegungen an die jeweiligen F\u00e4higkeiten angepasst werden. F\u00fcr Kinder ab etwa 4 Jahren sind viele \u00dcbungen gut geeignet, um die Konzentration und das r\u00e4umliche Bewusstsein zu f\u00f6rdern.<br><br>Dieses Seminar ist auch als Inhouse-Veranstaltung f\u00fcr Firmen, Arztpraxen, Kitas, Schulen, und andere Einrichtungen buchbar.  Gern erstellen wir Ihnen ein individuelles Angebot.<\/p>\n\n\n\n<hr class=\"wp-block-separator has-text-color has-alpha-channel-opacity has-background is-style-wide\" style=\"background-color:#70ad47;color:#70ad47\"\/>\n\n\n\n<div style=\"height:51px\" aria-hidden=\"true\" class=\"wp-block-spacer\"><\/div>\n\n\n\n<div style=\"height:0px\" aria-hidden=\"true\" class=\"wp-block-spacer\"><\/div>\n\n\n\n<div style=\"height:58px\" aria-hidden=\"true\" class=\"wp-block-spacer\"><\/div>\n\n\n\n<div class=\"wp-block-buttons is-layout-flex wp-block-buttons-is-layout-flex\">\n<div class=\"wp-block-button\"><a class=\"wp-block-button__link wp-element-button\" href=\"https:\/\/tobiaskaspar.de\/?page_id=977\">Hier Anmelden<\/a><\/div>\n\n\n\n<div class=\"wp-block-button\"><a class=\"wp-block-button__link wp-element-button\" href=\"https:\/\/tobiaskaspar.de\/?page_id=882\">Zur\u00fcck<\/a><\/div>\n<\/div>\n\n\n\n<div style=\"height:100px\" aria-hidden=\"true\" class=\"wp-block-spacer\"><\/div>\n\n\n\n<hr class=\"wp-block-separator has-text-color has-alpha-channel-opacity has-background is-style-wide\" style=\"background-color:#646b63;color:#646b63\"\/>\n","protected":false},"excerpt":{"rendered":"<p>Wie ein \u201eX\u201c Deine Welt ver\u00e4ndern kann&nbsp;\ud83d\ude00&nbsp;\u2013 Brain-Gym 104\u00ae&nbsp;&nbsp; Diese \u00dcbungen basieren auf Erkenntnissen der Edu-Kinestetik und unterst\u00fctzen die Zusammenarbeit zwischen K\u00f6rper und Geist, indem sie Blockaden abbauen, die Koordination st\u00e4rken und durch einfache k\u00f6rperliche \u00dcbungen und Bewegungen das Gehirn stimuliert. Entwickelt, um die kognitive Leistungsf\u00e4higkeit zu steigern, verbessert Brain Gym\u00ae die Lernf\u00e4higkeiten, Konzentration und [&hellip;]<\/p>\n","protected":false},"author":1,"featured_media":0,"parent":0,"menu_order":0,"comment_status":"closed","ping_status":"closed","template":"","meta":{"_uag_custom_page_level_css":"","_monsterinsights_skip_tracking":false,"_monsterinsights_sitenote_active":false,"_monsterinsights_sitenote_note":"","_monsterinsights_sitenote_category":0,"site-sidebar-layout":"default","site-content-layout":"","ast-site-content-layout":"default","site-content-style":"default","site-sidebar-style":"default","ast-global-header-display":"","ast-banner-title-visibility":"","ast-main-header-display":"","ast-hfb-above-header-display":"","ast-hfb-below-header-display":"","ast-hfb-mobile-header-display":"","site-post-title":"disabled","ast-breadcrumbs-content":"","ast-featured-img":"","footer-sml-layout":"","theme-transparent-header-meta":"","adv-header-id-meta":"","stick-header-meta":"","header-above-stick-meta":"","header-main-stick-meta":"","header-below-stick-meta":"","astra-migrate-meta-layouts":"set","ast-page-background-enabled":"default","ast-page-background-meta":{"desktop":{"background-color":"","background-image":"","background-repeat":"repeat","background-position":"center center","background-size":"auto","background-attachment":"scroll","background-type":"","background-media":"","overlay-type":"","overlay-color":"","overlay-gradient":""},"tablet":{"background-color":"","background-image":"","background-repeat":"repeat","background-position":"center center","background-size":"auto","background-attachment":"scroll","background-type":"","background-media":"","overlay-type":"","overlay-color":"","overlay-gradient":""},"mobile":{"background-color":"","background-image":"","background-repeat":"repeat","background-position":"center center","background-size":"auto","background-attachment":"scroll","background-type":"","background-media":"","overlay-type":"","overlay-color":"","overlay-gradient":""}},"ast-content-background-meta":{"desktop":{"background-color":"var(--ast-global-color-5)","background-image":"","background-repeat":"repeat","background-position":"center center","background-size":"auto","background-attachment":"scroll","background-type":"","background-media":"","overlay-type":"","overlay-color":"","overlay-gradient":""},"tablet":{"background-color":"var(--ast-global-color-5)","background-image":"","background-repeat":"repeat","background-position":"center center","background-size":"auto","background-attachment":"scroll","background-type":"","background-media":"","overlay-type":"","overlay-color":"","overlay-gradient":""},"mobile":{"background-color":"var(--ast-global-color-5)","background-image":"","background-repeat":"repeat","background-position":"center center","background-size":"auto","background-attachment":"scroll","background-type":"","background-media":"","overlay-type":"","overlay-color":"","overlay-gradient":""}},"footnotes":""},"class_list":["post-1214","page","type-page","status-publish","hentry"],"uagb_featured_image_src":{"full":false,"thumbnail":false,"medium":false,"medium_large":false,"large":false,"1536x1536":false,"2048x2048":false},"uagb_author_info":{"display_name":"t.kaspar","author_link":"https:\/\/tobiaskaspar.de\/author\/t-kaspar"},"uagb_comment_info":0,"uagb_excerpt":"Wie ein \u201eX\u201c Deine Welt ver\u00e4ndern kann&nbsp;\ud83d\ude00&nbsp;\u2013 Brain-Gym 104\u00ae&nbsp;&nbsp; Diese \u00dcbungen basieren auf Erkenntnissen der Edu-Kinestetik und unterst\u00fctzen die Zusammenarbeit zwischen K\u00f6rper und Geist, indem sie Blockaden abbauen, die Koordination st\u00e4rken und durch einfache k\u00f6rperliche \u00dcbungen und Bewegungen das Gehirn stimuliert. Entwickelt, um die kognitive Leistungsf\u00e4higkeit zu steigern, verbessert Brain Gym\u00ae die Lernf\u00e4higkeiten, Konzentration und&hellip;","_links":{"self":[{"href":"https:\/\/tobiaskaspar.de\/index.php?rest_route=\/wp\/v2\/pages\/1214","targetHints":{"allow":["GET"]}}],"collection":[{"href":"https:\/\/tobiaskaspar.de\/index.php?rest_route=\/wp\/v2\/pages"}],"about":[{"href":"https:\/\/tobiaskaspar.de\/index.php?rest_route=\/wp\/v2\/types\/page"}],"author":[{"embeddable":true,"href":"https:\/\/tobiaskaspar.de\/index.php?rest_route=\/wp\/v2\/users\/1"}],"replies":[{"embeddable":true,"href":"https:\/\/tobiaskaspar.de\/index.php?rest_route=%2Fwp%2Fv2%2Fcomments&post=1214"}],"version-history":[{"count":21,"href":"https:\/\/tobiaskaspar.de\/index.php?rest_route=\/wp\/v2\/pages\/1214\/revisions"}],"predecessor-version":[{"id":1535,"href":"https:\/\/tobiaskaspar.de\/index.php?rest_route=\/wp\/v2\/pages\/1214\/revisions\/1535"}],"wp:attachment":[{"href":"https:\/\/tobiaskaspar.de\/index.php?rest_route=%2Fwp%2Fv2%2Fmedia&parent=1214"}],"curies":[{"name":"wp","href":"https:\/\/api.w.org\/{rel}","templated":true}]}}